mmon divisor of 208925320 and 4924?
4924
Calculate the greatest common factor of 7046605 and 2085.
695
Calculate the greatest common divisor of 13537196 and 3363.
1121
What is the greatest common divisor of 15093 and 37315701?
1161
What is the greatest common divisor of 162756 and 7634?
22
Calculate the highest common divisor of 216 and 186706539.
27
What is the highest common factor of 438 and 305358?
6
Calculate the highest common divisor of 185 and 228179.
37
What is the highest common divisor of 31295136 and 128?
32
What is the highest common factor of 142537970 and 4210?
4210
Calculate the greatest common factor of 93533 and 95852.
773
Calculate the highest common factor of 375154227 and 5913.
1971
What is the highest common divisor of 223073 and 4292?
37
What is the greatest common divisor of 355 and 31127536?
71
Calculate the highest common divisor of 390 and 4111200.
30
Calculate the highest common factor of 3651314 and 438.
146
What is the highest common divisor of 145 and 53453670?
145
What is the highest common divisor of 25682832 and 342104?
8344
What is the greatest common factor of 972 and 16320420?
108
What is the highest common factor of 504360176 and 11496?
3832
Calculate the greatest common factor of 2952 and 8761782.
246
What is the highest common divisor of 1251522 and 288?
18
Calculate the highest common factor of 28 and 353643122.
14
Calculate the greatest common divisor of 24280536 and 21357.
2373
Calculate the highest common divisor of 89493 and 48369.
69
Calculate the highest common factor of 11439 and 2648547.
279
What is the highest common divisor of 1312 and 282244?
164
What is the highest common divisor of 184 and 321425?
23
Calculate the highest common factor of 2043 and 75789171.
2043
Calculate the greatest common factor of 509635860 and 1360.
340
What is the greatest common divisor of 47953150 and 190?
190
Calculate the greatest common factor of 13448710 and 70.
10
What is the greatest common factor of 170625 and 322125?
375
What is the greatest common divisor of 261 and 1033281?
9
What is the highest common divisor of 21641 and 19969?
19
Calculate the highest common factor of 147 and 90471003.
147
Calculate the highest common factor of 1279766 and 49450.
1978
Calculate the highest common factor of 1052 and 49677018.
526
Calculate the greatest common divisor of 207 and 1062954.
9
What is the greatest common divisor of 53043280 and 44998?
302
Calculate the greatest common factor of 3844416 and 444.
12
Calculate the greatest common factor of 51699 and 4579.
19
Calculate the greatest common divisor of 81 and 325560.
3
Calculate the greatest common divisor of 23474 and 1125542.
242
What is the greatest common factor of 64942333 and 262?
131
What is the greatest common factor of 30912 and 102808896?
4416
What is the greatest common divisor of 99 and 20790567?
9
Calculate the greatest common factor of 193744244 and 232.
116
What is the highest common factor of 2490 and 392790?
30
Calculate the highest common factor of 6412 and 1537480.
28
What is the highest common factor of 4844 and 46424?
28
What is the highest common divisor of 13744 and 76626236?
3436
What is the highest common divisor of 50 and 24415475?
25
Calculate the greatest common divisor of 97438 and 1189650.
2266
What is the greatest common factor of 22013756 and 226?
226
Calculate the greatest common divisor of 1314 and 30674673.
657
Calculate the greatest common divisor of 75330 and 120342.
186
What is the highest common divisor of 182469 and 1197?
21
What is the greatest common divisor of 10911732 and 26?
26
What is the greatest common divisor of 93808 and 11572?
44
What is the highest common divisor of 41088 and 26044656?
5136
Calculate the greatest common divisor of 13426960 and 1410.
470
Calculate the greatest common divisor of 25749038 and 13601.
469
What is the highest common divisor of 62 and 873394?
62
What is the greatest common factor of 10500 and 227490900?
2100
What is the greatest common divisor of 178483977 and 18333?
6111
What is the highest common divisor of 7265767 and 121533?
2383
Calculate the highest common divisor of 16 and 3832948.
4
What is the greatest common divisor of 1315614 and 406?
58
Calculate the highest common factor of 678 and 39286.
2
What is the highest common divisor of 450 and 55730100?
150
What is the highest common divisor of 9976656 and 240?
48
What is the greatest common factor of 2945 and 107349810?
95
What is the greatest common divisor of 3785 and 27811423?
757
What is the highest common factor of 139900 and 217300?
100
What is the greatest common factor of 450918 and 75294?
846
What is the highest common factor of 74235910 and 20?
10
What is the highest common factor of 53025 and 64680?
105
What is the highest common factor of 62188900 and 165960?
9220
What is the greatest common factor of 110085 and 285073?
41
Calculate the highest common factor of 4838505 and 14700.
735
Calculate the highest common factor of 637 and 38656443.
49
Calculate the highest common divisor of 2609704595 and 85.
85
Calculate the highest common divisor of 592650 and 22050.
450
Calculate the greatest common factor of 1964688 and 8448.
528
What is the greatest common divisor of 2691140713 and 2971?
2971
What is the highest common factor of 44910 and 34746?
6
Calculate the greatest common divisor of 692615 and 48830.
1285
What is the greatest common factor of 480 and 858180?
60
Calculate the greatest common divisor of 5030 and 122260.
10
What is the greatest common divisor of 13701348 and 2408?
172
What is the highest common factor of 2548325 and 655?
5
Calculate the greatest common divisor of 8589065 and 10.
5
What is the greatest common factor of 3774321 and 3?
3
What is the greatest common divisor of 1481389 and 2104228?
1561
What is the highest common divisor of 22345 and 3617840?
205
Calculate the highest common factor of 201768 and 2327538.
7206
Calculate the highest common factor of 32 and 11377006.
2
What is the highest common divisor of 142390 and 358430?
4910
What is the highest common divisor of 336519295 and 1099?
1099
What is the highest common factor of 230 and 523204?
46
What is the greatest common factor of 8843834 and 109758?
3326
What is the highest common factor of 621 and 2351781?
27
What is the greatest common divisor of 1694 and 5693380?
154
Calculate the greatest common factor of 2244 and 2112165.
561
What is the greatest common divisor of 7763877 and 6?
3
What is the highest common divisor of 1443 and 193917?
111
Calculate the highest common divisor of 54 and 41709894.
6
What is the greatest common factor of 99 and 170412?
33
Calculate the highest common factor of 5208814 and 234.
26
What is the greatest common factor of 166887 and 10269?
63
What is the greatest common factor of 24 and 781208?
8
What is the greatest common factor of 146466 and 1728546?
618
Calculate the greatest common divisor of 123005535 and 1230.
615
Calculate the highest common divisor of 2079541 and 4997.
263
What is the greatest common factor of 15776 and 1559008?
32
Calculate the highest common factor of 232 and 34447418.
58
What is the highest common divisor of 142656950 and 20?
10
What is the greatest common divisor of 1417 and 95797?
13
Calculate the highest common divisor of 18400 and 429824.
736
What is the greatest common divisor of 836945130 and 13020?
6510
What is the greatest common factor of 4146975 and 1449?
63
What is the greatest common factor of 5336 and 661432?
232
Calculate the highest common factor of 84 and 965496.
84
What is the highest common factor of 562255 and 37530?
695
What is the highest common divisor of 289008 and 10035?
2007
What is the highest common factor of 17274285 and 13195?
1015
Calculate the greatest common factor of 5314865 and 9065.
185
Calculate the greatest common factor of 1052213 and 758104.
491
What is the greatest common divisor of 2847920 and 1940?
1940
Calculate the highest common factor of 1074526147 and 983.
983
Calculate the greatest common divisor of 1803312 and 9352.
56
Calculate the greatest common factor of 1844 and 143356.
4
What is the highest common divisor of 81 and 5261796?
9
Calculate the greatest common factor of 589842 and 6269076.
1782
Calculate the highest common factor o